{"id":181,"date":"2020-08-10T03:13:59","date_gmt":"2020-08-10T01:13:59","guid":{"rendered":"http:\/\/apparthotel-troyes.com\/?page_id=181"},"modified":"2020-10-12T13:43:14","modified_gmt":"2020-10-12T11:43:14","slug":"vos-commentaires","status":"publish","type":"page","link":"https:\/\/apparthotel-troyes.com\/index.php\/vos-commentaires\/","title":{"rendered":"Vos commentaires"},"content":{"rendered":"<p><img loading=\"lazy\" decoding=\"async\" class=\"alignnone wp-image-278 size-full\" src=\"http:\/\/apparthotel-troyes.com\/wp-content\/uploads\/2020\/10\/5-Commentaires-5-etoiles-scaled-e1602502975199.jpg\" alt=\"\" width=\"1075\" height=\"2560\" \/><\/p>\n","protected":false},"excerpt":{"rendered":"","protected":false},"author":1,"featured_media":0,"parent":0,"menu_order":0,"comment_status":"open","ping_status":"closed","template":"","meta":{"_exactmetrics_skip_tracking":false,"_exactmetrics_sitenote_active":false,"_exactmetrics_sitenote_note":"","_exactmetrics_sitenote_category":0,"footnotes":""},"yoast_head":"<!-- This site is optimized with the Yoast SEO plugin v24.1 - https:\/\/yoast.com\/wordpress\/plugins\/seo\/ -->\n<title>Vos commentaires - AppartH\u00f4tel-Troyes<\/title>\n<meta name=\"robots\" content=\"index, follow, max-snippet:-1, max-image-preview:large, max-video-preview:-1\" \/>\n<link rel=\"canonical\" href=\"https:\/\/apparthotel-troyes.com\/index.php\/vos-commentaires\/\" \/>\n<meta property=\"og:locale\" content=\"en_US\" \/>\n<meta property=\"og:type\" content=\"article\" \/>\n<meta property=\"og:title\" content=\"Vos commentaires - AppartH\u00f4tel-Troyes\" \/>\n<meta property=\"og:url\" content=\"https:\/\/apparthotel-troyes.com\/index.php\/vos-commentaires\/\" \/>\n<meta property=\"og:site_name\" content=\"AppartH\u00f4tel-Troyes\" \/>\n<meta property=\"article:modified_time\" content=\"2020-10-12T11:43:14+00:00\" \/>\n<meta property=\"og:image\" content=\"http:\/\/apparthotel-troyes.com\/wp-content\/uploads\/2020\/10\/5-Commentaires-5-etoiles-scaled-e1602502975199.jpg\" \/>\n<meta name=\"twitter:card\" content=\"summary_large_image\" \/>\n<script type=\"application\/ld+json\" class=\"yoast-schema-graph\">{\"@context\":\"https:\/\/schema.org\",\"@graph\":[{\"@type\":\"WebPage\",\"@id\":\"https:\/\/apparthotel-troyes.com\/index.php\/vos-commentaires\/\",\"url\":\"https:\/\/apparthotel-troyes.com\/index.php\/vos-commentaires\/\",\"name\":\"Vos commentaires - AppartH\u00f4tel-Troyes\",\"isPartOf\":{\"@id\":\"https:\/\/apparthotel-troyes.com\/#website\"},\"primaryImageOfPage\":{\"@id\":\"https:\/\/apparthotel-troyes.com\/index.php\/vos-commentaires\/#primaryimage\"},\"image\":{\"@id\":\"https:\/\/apparthotel-troyes.com\/index.php\/vos-commentaires\/#primaryimage\"},\"thumbnailUrl\":\"http:\/\/apparthotel-troyes.com\/wp-content\/uploads\/2020\/10\/5-Commentaires-5-etoiles-scaled-e1602502975199.jpg\",\"datePublished\":\"2020-08-10T01:13:59+00:00\",\"dateModified\":\"2020-10-12T11:43:14+00:00\",\"breadcrumb\":{\"@id\":\"https:\/\/apparthotel-troyes.com\/index.php\/vos-commentaires\/#breadcrumb\"},\"inLanguage\":\"en-US\",\"potentialAction\":[{\"@type\":\"ReadAction\",\"target\":[\"https:\/\/apparthotel-troyes.com\/index.php\/vos-commentaires\/\"]}]},{\"@type\":\"ImageObject\",\"inLanguage\":\"en-US\",\"@id\":\"https:\/\/apparthotel-troyes.com\/index.php\/vos-commentaires\/#primaryimage\",\"url\":\"http:\/\/apparthotel-troyes.com\/wp-content\/uploads\/2020\/10\/5-Commentaires-5-etoiles-scaled-e1602502975199.jpg\",\"contentUrl\":\"http:\/\/apparthotel-troyes.com\/wp-content\/uploads\/2020\/10\/5-Commentaires-5-etoiles-scaled-e1602502975199.jpg\"},{\"@type\":\"BreadcrumbList\",\"@id\":\"https:\/\/apparthotel-troyes.com\/index.php\/vos-commentaires\/#breadcrumb\",\"itemListElement\":[{\"@type\":\"ListItem\",\"position\":1,\"name\":\"Accueil\",\"item\":\"https:\/\/apparthotel-troyes.com\/\"},{\"@type\":\"ListItem\",\"position\":2,\"name\":\"Vos commentaires\"}]},{\"@type\":\"WebSite\",\"@id\":\"https:\/\/apparthotel-troyes.com\/#website\",\"url\":\"https:\/\/apparthotel-troyes.com\/\",\"name\":\"AppartH\u00f4tel-Troyes\",\"description\":\"LA SOLUTION ID\u00c9ALE POUR VOTRE S\u00c9JOUR DANS L&#039;AUBE\",\"potentialAction\":[{\"@type\":\"SearchAction\",\"target\":{\"@type\":\"EntryPoint\",\"urlTemplate\":\"https:\/\/apparthotel-troyes.com\/?s={search_term_string}\"},\"query-input\":{\"@type\":\"PropertyValueSpecification\",\"valueRequired\":true,\"valueName\":\"search_term_string\"}}],\"inLanguage\":\"en-US\"}]}<\/script>\n<!-- \/ Yoast SEO plugin. -->","yoast_head_json":{"title":"Vos commentaires - AppartH\u00f4tel-Troyes","robots":{"index":"index","follow":"follow","max-snippet":"max-snippet:-1","max-image-preview":"max-image-preview:large","max-video-preview":"max-video-preview:-1"},"canonical":"https:\/\/apparthotel-troyes.com\/index.php\/vos-commentaires\/","og_locale":"en_US","og_type":"article","og_title":"Vos commentaires - AppartH\u00f4tel-Troyes","og_url":"https:\/\/apparthotel-troyes.com\/index.php\/vos-commentaires\/","og_site_name":"AppartH\u00f4tel-Troyes","article_modified_time":"2020-10-12T11:43:14+00:00","og_image":[{"url":"http:\/\/apparthotel-troyes.com\/wp-content\/uploads\/2020\/10\/5-Commentaires-5-etoiles-scaled-e1602502975199.jpg","type":"","width":"","height":""}],"twitter_card":"summary_large_image","schema":{"@context":"https:\/\/schema.org","@graph":[{"@type":"WebPage","@id":"https:\/\/apparthotel-troyes.com\/index.php\/vos-commentaires\/","url":"https:\/\/apparthotel-troyes.com\/index.php\/vos-commentaires\/","name":"Vos commentaires - AppartH\u00f4tel-Troyes","isPartOf":{"@id":"https:\/\/apparthotel-troyes.com\/#website"},"primaryImageOfPage":{"@id":"https:\/\/apparthotel-troyes.com\/index.php\/vos-commentaires\/#primaryimage"},"image":{"@id":"https:\/\/apparthotel-troyes.com\/index.php\/vos-commentaires\/#primaryimage"},"thumbnailUrl":"http:\/\/apparthotel-troyes.com\/wp-content\/uploads\/2020\/10\/5-Commentaires-5-etoiles-scaled-e1602502975199.jpg","datePublished":"2020-08-10T01:13:59+00:00","dateModified":"2020-10-12T11:43:14+00:00","breadcrumb":{"@id":"https:\/\/apparthotel-troyes.com\/index.php\/vos-commentaires\/#breadcrumb"},"inLanguage":"en-US","potentialAction":[{"@type":"ReadAction","target":["https:\/\/apparthotel-troyes.com\/index.php\/vos-commentaires\/"]}]},{"@type":"ImageObject","inLanguage":"en-US","@id":"https:\/\/apparthotel-troyes.com\/index.php\/vos-commentaires\/#primaryimage","url":"http:\/\/apparthotel-troyes.com\/wp-content\/uploads\/2020\/10\/5-Commentaires-5-etoiles-scaled-e1602502975199.jpg","contentUrl":"http:\/\/apparthotel-troyes.com\/wp-content\/uploads\/2020\/10\/5-Commentaires-5-etoiles-scaled-e1602502975199.jpg"},{"@type":"BreadcrumbList","@id":"https:\/\/apparthotel-troyes.com\/index.php\/vos-commentaires\/#breadcrumb","itemListElement":[{"@type":"ListItem","position":1,"name":"Accueil","item":"https:\/\/apparthotel-troyes.com\/"},{"@type":"ListItem","position":2,"name":"Vos commentaires"}]},{"@type":"WebSite","@id":"https:\/\/apparthotel-troyes.com\/#website","url":"https:\/\/apparthotel-troyes.com\/","name":"AppartH\u00f4tel-Troyes","description":"LA SOLUTION ID\u00c9ALE POUR VOTRE S\u00c9JOUR DANS L&#039;AUBE","potentialAction":[{"@type":"SearchAction","target":{"@type":"EntryPoint","urlTemplate":"https:\/\/apparthotel-troyes.com\/?s={search_term_string}"},"query-input":{"@type":"PropertyValueSpecification","valueRequired":true,"valueName":"search_term_string"}}],"inLanguage":"en-US"}]}},"_links":{"self":[{"href":"https:\/\/apparthotel-troyes.com\/index.php\/wp-json\/wp\/v2\/pages\/181"}],"collection":[{"href":"https:\/\/apparthotel-troyes.com\/index.php\/wp-json\/wp\/v2\/pages"}],"about":[{"href":"https:\/\/apparthotel-troyes.com\/index.php\/wp-json\/wp\/v2\/types\/page"}],"author":[{"embeddable":true,"href":"https:\/\/apparthotel-troyes.com\/index.php\/wp-json\/wp\/v2\/users\/1"}],"replies":[{"embeddable":true,"href":"https:\/\/apparthotel-troyes.com\/index.php\/wp-json\/wp\/v2\/comments?post=181"}],"version-history":[{"count":11,"href":"https:\/\/apparthotel-troyes.com\/index.php\/wp-json\/wp\/v2\/pages\/181\/revisions"}],"predecessor-version":[{"id":281,"href":"https:\/\/apparthotel-troyes.com\/index.php\/wp-json\/wp\/v2\/pages\/181\/revisions\/281"}],"wp:attachment":[{"href":"https:\/\/apparthotel-troyes.com\/index.php\/wp-json\/wp\/v2\/media?parent=181"}],"curies":[{"name":"wp","href":"https:\/\/api.w.org\/{rel}","templated":true}]}}