{"id":214,"date":"2020-09-05T16:05:59","date_gmt":"2020-09-05T14:05:59","guid":{"rendered":"http:\/\/apparthotel-troyes.com\/?page_id=214"},"modified":"2020-09-05T17:21:39","modified_gmt":"2020-09-05T15:21:39","slug":"reserver","status":"publish","type":"page","link":"https:\/\/apparthotel-troyes.com\/index.php\/reserver\/","title":{"rendered":"R\u00e9server"},"content":{"rendered":"<p><img decoding=\"async\" class=\"alignnone size-full wp-image-215\" src=\"http:\/\/apparthotel-troyes.com\/wp-content\/uploads\/2020\/09\/te\u0301le\u0301chargement.png\" alt=\"\" width=\"351\" \n&nbsp;\n\n&nbsp;\n<\/p srcset=\"https:\/\/apparthotel-troyes.com\/wp-content\/uploads\/2020\/09\/te\u0301le\u0301chargement.png 351w, https:\/\/apparthotel-troyes.com\/wp-content\/uploads\/2020\/09\/te\u0301le\u0301chargement-300x122.png 300w\" sizes=\"(max-width: 351px) 100vw, 351px\" \/>\n","protected":false},"excerpt":{"rendered":"","protected":false},"author":1,"featured_media":0,"parent":0,"menu_order":0,"comment_status":"closed","ping_status":"closed","template":"","meta":{"_exactmetrics_skip_tracking":false,"_exactmetrics_sitenote_active":false,"_exactmetrics_sitenote_note":"","_exactmetrics_sitenote_category":0,"footnotes":""},"yoast_head":"<!-- This site is optimized with the Yoast SEO plugin v24.1 - https:\/\/yoast.com\/wordpress\/plugins\/seo\/ -->\n<title>R\u00e9server - AppartH\u00f4tel-Troyes<\/title>\n<meta name=\"robots\" content=\"index, follow, max-snippet:-1, max-image-preview:large, max-video-preview:-1\" \/>\n<link rel=\"canonical\" href=\"https:\/\/apparthotel-troyes.com\/index.php\/reserver\/\" \/>\n<meta property=\"og:locale\" content=\"en_US\" \/>\n<meta property=\"og:type\" content=\"article\" \/>\n<meta property=\"og:title\" content=\"R\u00e9server - AppartH\u00f4tel-Troyes\" \/>\n<meta property=\"og:url\" content=\"https:\/\/apparthotel-troyes.com\/index.php\/reserver\/\" \/>\n<meta property=\"og:site_name\" content=\"AppartH\u00f4tel-Troyes\" \/>\n<meta property=\"article:modified_time\" content=\"2020-09-05T15:21:39+00:00\" \/>\n<meta name=\"twitter:card\" content=\"summary_large_image\" \/>\n<script type=\"application\/ld+json\" class=\"yoast-schema-graph\">{\"@context\":\"https:\/\/schema.org\",\"@graph\":[{\"@type\":\"WebPage\",\"@id\":\"https:\/\/apparthotel-troyes.com\/index.php\/reserver\/\",\"url\":\"https:\/\/apparthotel-troyes.com\/index.php\/reserver\/\",\"name\":\"R\u00e9server - AppartH\u00f4tel-Troyes\",\"isPartOf\":{\"@id\":\"https:\/\/apparthotel-troyes.com\/#website\"},\"datePublished\":\"2020-09-05T14:05:59+00:00\",\"dateModified\":\"2020-09-05T15:21:39+00:00\",\"breadcrumb\":{\"@id\":\"https:\/\/apparthotel-troyes.com\/index.php\/reserver\/#breadcrumb\"},\"inLanguage\":\"en-US\",\"potentialAction\":[{\"@type\":\"ReadAction\",\"target\":[\"https:\/\/apparthotel-troyes.com\/index.php\/reserver\/\"]}]},{\"@type\":\"BreadcrumbList\",\"@id\":\"https:\/\/apparthotel-troyes.com\/index.php\/reserver\/#breadcrumb\",\"itemListElement\":[{\"@type\":\"ListItem\",\"position\":1,\"name\":\"Accueil\",\"item\":\"https:\/\/apparthotel-troyes.com\/\"},{\"@type\":\"ListItem\",\"position\":2,\"name\":\"R\u00e9server\"}]},{\"@type\":\"WebSite\",\"@id\":\"https:\/\/apparthotel-troyes.com\/#website\",\"url\":\"https:\/\/apparthotel-troyes.com\/\",\"name\":\"AppartH\u00f4tel-Troyes\",\"description\":\"LA SOLUTION ID\u00c9ALE POUR VOTRE S\u00c9JOUR DANS L&#039;AUBE\",\"potentialAction\":[{\"@type\":\"SearchAction\",\"target\":{\"@type\":\"EntryPoint\",\"urlTemplate\":\"https:\/\/apparthotel-troyes.com\/?s={search_term_string}\"},\"query-input\":{\"@type\":\"PropertyValueSpecification\",\"valueRequired\":true,\"valueName\":\"search_term_string\"}}],\"inLanguage\":\"en-US\"}]}<\/script>\n<!-- \/ Yoast SEO plugin. -->","yoast_head_json":{"title":"R\u00e9server - AppartH\u00f4tel-Troyes","robots":{"index":"index","follow":"follow","max-snippet":"max-snippet:-1","max-image-preview":"max-image-preview:large","max-video-preview":"max-video-preview:-1"},"canonical":"https:\/\/apparthotel-troyes.com\/index.php\/reserver\/","og_locale":"en_US","og_type":"article","og_title":"R\u00e9server - AppartH\u00f4tel-Troyes","og_url":"https:\/\/apparthotel-troyes.com\/index.php\/reserver\/","og_site_name":"AppartH\u00f4tel-Troyes","article_modified_time":"2020-09-05T15:21:39+00:00","twitter_card":"summary_large_image","schema":{"@context":"https:\/\/schema.org","@graph":[{"@type":"WebPage","@id":"https:\/\/apparthotel-troyes.com\/index.php\/reserver\/","url":"https:\/\/apparthotel-troyes.com\/index.php\/reserver\/","name":"R\u00e9server - AppartH\u00f4tel-Troyes","isPartOf":{"@id":"https:\/\/apparthotel-troyes.com\/#website"},"datePublished":"2020-09-05T14:05:59+00:00","dateModified":"2020-09-05T15:21:39+00:00","breadcrumb":{"@id":"https:\/\/apparthotel-troyes.com\/index.php\/reserver\/#breadcrumb"},"inLanguage":"en-US","potentialAction":[{"@type":"ReadAction","target":["https:\/\/apparthotel-troyes.com\/index.php\/reserver\/"]}]},{"@type":"BreadcrumbList","@id":"https:\/\/apparthotel-troyes.com\/index.php\/reserver\/#breadcrumb","itemListElement":[{"@type":"ListItem","position":1,"name":"Accueil","item":"https:\/\/apparthotel-troyes.com\/"},{"@type":"ListItem","position":2,"name":"R\u00e9server"}]},{"@type":"WebSite","@id":"https:\/\/apparthotel-troyes.com\/#website","url":"https:\/\/apparthotel-troyes.com\/","name":"AppartH\u00f4tel-Troyes","description":"LA SOLUTION ID\u00c9ALE POUR VOTRE S\u00c9JOUR DANS L&#039;AUBE","potentialAction":[{"@type":"SearchAction","target":{"@type":"EntryPoint","urlTemplate":"https:\/\/apparthotel-troyes.com\/?s={search_term_string}"},"query-input":{"@type":"PropertyValueSpecification","valueRequired":true,"valueName":"search_term_string"}}],"inLanguage":"en-US"}]}},"_links":{"self":[{"href":"https:\/\/apparthotel-troyes.com\/index.php\/wp-json\/wp\/v2\/pages\/214"}],"collection":[{"href":"https:\/\/apparthotel-troyes.com\/index.php\/wp-json\/wp\/v2\/pages"}],"about":[{"href":"https:\/\/apparthotel-troyes.com\/index.php\/wp-json\/wp\/v2\/types\/page"}],"author":[{"embeddable":true,"href":"https:\/\/apparthotel-troyes.com\/index.php\/wp-json\/wp\/v2\/users\/1"}],"replies":[{"embeddable":true,"href":"https:\/\/apparthotel-troyes.com\/index.php\/wp-json\/wp\/v2\/comments?post=214"}],"version-history":[{"count":5,"href":"https:\/\/apparthotel-troyes.com\/index.php\/wp-json\/wp\/v2\/pages\/214\/revisions"}],"predecessor-version":[{"id":219,"href":"https:\/\/apparthotel-troyes.com\/index.php\/wp-json\/wp\/v2\/pages\/214\/revisions\/219"}],"wp:attachment":[{"href":"https:\/\/apparthotel-troyes.com\/index.php\/wp-json\/wp\/v2\/media?parent=214"}],"curies":[{"name":"wp","href":"https:\/\/api.w.org\/{rel}","templated":true}]}}