{"id":43,"date":"2020-08-09T17:18:54","date_gmt":"2020-08-09T15:18:54","guid":{"rendered":"http:\/\/apparthotel-troyes.com\/?page_id=43"},"modified":"2024-07-15T16:54:04","modified_gmt":"2024-07-15T14:54:04","slug":"contact-la-rubrique-contact-des-apparthotel-a-troyes-le-charme-de-la-campagne-en-ville","status":"publish","type":"page","link":"https:\/\/apparthotel-troyes.com\/","title":{"rendered":"Accueil"},"content":{"rendered":"\r\n<p>Bienvenue sur le site AppartH\u00f4tel \u00e0 Troyes ! Notre m\u00e9tier est de vous laisser un souvenir inoubliable de votre s\u00e9jour et de vous faire d\u00e9couvrir les nombreuses richesses de nos villes et de notre d\u00e9partement.<\/p>\r\n","protected":false},"excerpt":{"rendered":"<p>Bienvenue sur le site AppartH\u00f4tel \u00e0 Troyes ! Notre m\u00e9tier est de vous laisser un souvenir inoubliable de votre s\u00e9jour et de vous faire d\u00e9couvrir les nombreuses richesses de nos villes et de notre d\u00e9partement.<\/p>\n","protected":false},"author":1,"featured_media":0,"parent":0,"menu_order":0,"comment_status":"closed","ping_status":"closed","template":"","meta":{"_exactmetrics_skip_tracking":false,"_exactmetrics_sitenote_active":false,"_exactmetrics_sitenote_note":"","_exactmetrics_sitenote_category":0,"footnotes":""},"yoast_head":"<!-- This site is optimized with the Yoast SEO plugin v24.1 - https:\/\/yoast.com\/wordpress\/plugins\/seo\/ -->\n<title>Accueil AppartH\u00f4tel-Troyes<\/title>\n<meta name=\"robots\" content=\"index, follow, max-snippet:-1, max-image-preview:large, max-video-preview:-1\" \/>\n<link rel=\"canonical\" href=\"https:\/\/apparthotel-troyes.com\/\" \/>\n<meta property=\"og:locale\" content=\"en_US\" \/>\n<meta property=\"og:type\" content=\"article\" \/>\n<meta property=\"og:title\" content=\"Accueil AppartH\u00f4tel-Troyes\" \/>\n<meta property=\"og:description\" content=\"Bienvenue sur le site AppartH\u00f4tel \u00e0 Troyes ! Notre m\u00e9tier est de vous laisser un souvenir inoubliable de votre s\u00e9jour et de vous faire d\u00e9couvrir les nombreuses richesses de nos villes et de notre d\u00e9partement.\" \/>\n<meta property=\"og:url\" content=\"https:\/\/apparthotel-troyes.com\/\" \/>\n<meta property=\"og:site_name\" content=\"AppartH\u00f4tel-Troyes\" \/>\n<meta property=\"article:modified_time\" content=\"2024-07-15T14:54:04+00:00\" \/>\n<meta name=\"twitter:card\" content=\"summary_large_image\" \/>\n<script type=\"application\/ld+json\" class=\"yoast-schema-graph\">{\"@context\":\"https:\/\/schema.org\",\"@graph\":[{\"@type\":\"WebPage\",\"@id\":\"https:\/\/apparthotel-troyes.com\/\",\"url\":\"https:\/\/apparthotel-troyes.com\/\",\"name\":\"Accueil AppartH\u00f4tel-Troyes\",\"isPartOf\":{\"@id\":\"https:\/\/apparthotel-troyes.com\/#website\"},\"datePublished\":\"2020-08-09T15:18:54+00:00\",\"dateModified\":\"2024-07-15T14:54:04+00:00\",\"breadcrumb\":{\"@id\":\"https:\/\/apparthotel-troyes.com\/#breadcrumb\"},\"inLanguage\":\"en-US\",\"potentialAction\":[{\"@type\":\"ReadAction\",\"target\":[\"https:\/\/apparthotel-troyes.com\/\"]}]},{\"@type\":\"BreadcrumbList\",\"@id\":\"https:\/\/apparthotel-troyes.com\/#breadcrumb\",\"itemListElement\":[{\"@type\":\"ListItem\",\"position\":1,\"name\":\"Accueil\",\"item\":\"https:\/\/apparthotel-troyes.com\/\"},{\"@type\":\"ListItem\",\"position\":2,\"name\":\"Accueil\"}]},{\"@type\":\"WebSite\",\"@id\":\"https:\/\/apparthotel-troyes.com\/#website\",\"url\":\"https:\/\/apparthotel-troyes.com\/\",\"name\":\"AppartH\u00f4tel-Troyes\",\"description\":\"LA SOLUTION ID\u00c9ALE POUR VOTRE S\u00c9JOUR DANS L&#039;AUBE\",\"potentialAction\":[{\"@type\":\"SearchAction\",\"target\":{\"@type\":\"EntryPoint\",\"urlTemplate\":\"https:\/\/apparthotel-troyes.com\/?s={search_term_string}\"},\"query-input\":{\"@type\":\"PropertyValueSpecification\",\"valueRequired\":true,\"valueName\":\"search_term_string\"}}],\"inLanguage\":\"en-US\"}]}<\/script>\n<!-- \/ Yoast SEO plugin. -->","yoast_head_json":{"title":"Accueil AppartH\u00f4tel-Troyes","robots":{"index":"index","follow":"follow","max-snippet":"max-snippet:-1","max-image-preview":"max-image-preview:large","max-video-preview":"max-video-preview:-1"},"canonical":"https:\/\/apparthotel-troyes.com\/","og_locale":"en_US","og_type":"article","og_title":"Accueil AppartH\u00f4tel-Troyes","og_description":"Bienvenue sur le site AppartH\u00f4tel \u00e0 Troyes ! Notre m\u00e9tier est de vous laisser un souvenir inoubliable de votre s\u00e9jour et de vous faire d\u00e9couvrir les nombreuses richesses de nos villes et de notre d\u00e9partement.","og_url":"https:\/\/apparthotel-troyes.com\/","og_site_name":"AppartH\u00f4tel-Troyes","article_modified_time":"2024-07-15T14:54:04+00:00","twitter_card":"summary_large_image","schema":{"@context":"https:\/\/schema.org","@graph":[{"@type":"WebPage","@id":"https:\/\/apparthotel-troyes.com\/","url":"https:\/\/apparthotel-troyes.com\/","name":"Accueil AppartH\u00f4tel-Troyes","isPartOf":{"@id":"https:\/\/apparthotel-troyes.com\/#website"},"datePublished":"2020-08-09T15:18:54+00:00","dateModified":"2024-07-15T14:54:04+00:00","breadcrumb":{"@id":"https:\/\/apparthotel-troyes.com\/#breadcrumb"},"inLanguage":"en-US","potentialAction":[{"@type":"ReadAction","target":["https:\/\/apparthotel-troyes.com\/"]}]},{"@type":"BreadcrumbList","@id":"https:\/\/apparthotel-troyes.com\/#breadcrumb","itemListElement":[{"@type":"ListItem","position":1,"name":"Accueil","item":"https:\/\/apparthotel-troyes.com\/"},{"@type":"ListItem","position":2,"name":"Accueil"}]},{"@type":"WebSite","@id":"https:\/\/apparthotel-troyes.com\/#website","url":"https:\/\/apparthotel-troyes.com\/","name":"AppartH\u00f4tel-Troyes","description":"LA SOLUTION ID\u00c9ALE POUR VOTRE S\u00c9JOUR DANS L&#039;AUBE","potentialAction":[{"@type":"SearchAction","target":{"@type":"EntryPoint","urlTemplate":"https:\/\/apparthotel-troyes.com\/?s={search_term_string}"},"query-input":{"@type":"PropertyValueSpecification","valueRequired":true,"valueName":"search_term_string"}}],"inLanguage":"en-US"}]}},"_links":{"self":[{"href":"https:\/\/apparthotel-troyes.com\/index.php\/wp-json\/wp\/v2\/pages\/43"}],"collection":[{"href":"https:\/\/apparthotel-troyes.com\/index.php\/wp-json\/wp\/v2\/pages"}],"about":[{"href":"https:\/\/apparthotel-troyes.com\/index.php\/wp-json\/wp\/v2\/types\/page"}],"author":[{"embeddable":true,"href":"https:\/\/apparthotel-troyes.com\/index.php\/wp-json\/wp\/v2\/users\/1"}],"replies":[{"embeddable":true,"href":"https:\/\/apparthotel-troyes.com\/index.php\/wp-json\/wp\/v2\/comments?post=43"}],"version-history":[{"count":3,"href":"https:\/\/apparthotel-troyes.com\/index.php\/wp-json\/wp\/v2\/pages\/43\/revisions"}],"predecessor-version":[{"id":196,"href":"https:\/\/apparthotel-troyes.com\/index.php\/wp-json\/wp\/v2\/pages\/43\/revisions\/196"}],"wp:attachment":[{"href":"https:\/\/apparthotel-troyes.com\/index.php\/wp-json\/wp\/v2\/media?parent=43"}],"curies":[{"name":"wp","href":"https:\/\/api.w.org\/{rel}","templated":true}]}}